 and 156.
39
What is the greatest common divisor of 240 and 75?
15
Calculate the highest common factor of 127 and 2.
1
Calculate the highest common divisor of 255 and 15.
15
Calculate the highest common factor of 51 and 26979.
51
What is the greatest common factor of 415 and 3569?
83
Calculate the greatest common divisor of 2149 and 7.
7
Calculate the greatest common factor of 190 and 90.
10
What is the greatest common factor of 780 and 7488?
156
What is the greatest common factor of 42 and 25354?
14
What is the greatest common divisor of 224 and 1904?
112
What is the highest common divisor of 1001 and 52?
13
Calculate the greatest common divisor of 411 and 5206.
137
Calculate the greatest common factor of 21 and 336.
21
What is the highest common divisor of 8404 and 132?
44
What is the greatest common divisor of 1900 and 114?
38
What is the greatest common divisor of 48 and 22000?
16
What is the greatest common factor of 44 and 682?
22
What is the greatest common divisor of 117 and 72?
9
Calculate the highest common factor of 393 and 3.
3
What is the highest common factor of 1222 and 13?
13
What is the highest common factor of 192 and 672?
96
Calculate the highest common factor of 70 and 50.
10
What is the highest common factor of 1143 and 6223?
127
What is the highest common factor of 14 and 8?
2
Calculate the highest common divisor of 1152 and 36.
36
What is the greatest common factor of 58 and 33379?
29
Calculate the greatest common divisor of 18 and 282.
6
What is the highest common divisor of 64 and 800?
32
What is the highest common factor of 585 and 936?
117
Calculate the greatest common divisor of 152 and 1634.
38
What is the greatest common factor of 1672 and 616?
88
Calculate the highest common divisor of 34556 and 212.
212
What is the highest common factor of 11 and 77?
11
Calculate the greatest common factor of 4700 and 188.
188
Calculate the greatest common factor of 396 and 3476.
44
What is the highest common factor of 4 and 404?
4
What is the highest common divisor of 18 and 3813?
3
Calculate the greatest common divisor of 60 and 330.
30
What is the greatest common factor of 869 and 44?
11
Calculate the greatest common factor of 14 and 819.
7
What is the greatest common factor of 135 and 345?
15
What is the highest common factor of 24 and 10968?
24
Calculate the highest common divisor of 252 and 7.
7
What is the highest common divisor of 812 and 70?
14
Calculate the highest common divisor of 42 and 19887.
21
What is the highest common factor of 901 and 2650?
53
What is the greatest common divisor of 95 and 4655?
95
What is the highest common factor of 80 and 976?
16
What is the greatest common factor of 502 and 10?
2
What is the greatest common divisor of 7 and 889?
7
What is the highest common factor of 266 and 190?
38
What is the greatest common factor of 104 and 65?
13
Calculate the greatest common factor of 952 and 42.
14
Calculate the highest common divisor of 1445 and 51.
17
What is the highest common factor of 160 and 110?
10
Calculate the greatest common factor of 124 and 279.
31
What is the highest common factor of 22 and 759?
11
Calculate the greatest common divisor of 882 and 1862.
98
Calculate the greatest common factor of 240 and 540.
60
Calculate the greatest common divisor of 24 and 688.
8
What is the highest common factor of 50 and 600?
50
What is the greatest common factor of 475 and 38?
19
What is the highest common factor of 93 and 4?
1
What is the greatest common factor of 11 and 209?
11
What is the highest common factor of 176 and 16?
16
Calculate the greatest common factor of 178 and 126558.
178
What is the greatest common divisor of 2 and 1?
1
Calculate the greatest common factor of 3 and 1761.
3
Calculate the highest common divisor of 520 and 1144.
104
What is the greatest common factor of 2976 and 31?
31
Calculate the highest common divisor of 168 and 154.
14
Calculate the highest common divisor of 2991 and 3.
3
Calculate the highest common divisor of 36 and 10566.
18
Calculate the greatest common divisor of 621 and 135.
27
Calculate the highest common factor of 2680 and 440.
40
Calculate the highest common factor of 244 and 61.
61
What is the highest common divisor of 14 and 420?
14
Calculate the greatest common factor of 40205 and 17.
17
What is the greatest common factor of 330 and 70?
10
Calculate the greatest common factor of 285 and 627.
57
Calculate the greatest common factor of 11 and 3883.
11
Calculate the greatest common factor of 276 and 12.
12
Calculate the highest common factor of 57 and 2717.
19
What is the highest common factor of 408 and 17?
17
Calculate the highest common divisor of 10 and 310.
10
What is the greatest common factor of 1566 and 58?
58
What is the highest common factor of 12 and 3225?
3
Calculate the greatest common factor of 53568 and 192.
192
Calculate the highest common divisor of 133 and 70.
7
What is the greatest common factor of 34 and 119?
17
What is the greatest common divisor of 150 and 6100?
50
What is the highest common divisor of 190 and 779?
19
Calculate the greatest common factor of 12 and 7640.
4
What is the highest common factor of 168 and 4263?
21
What is the greatest common factor of 962 and 518?
74
Calculate the highest common factor of 104 and 1156.
4
What is the greatest common divisor of 150 and 20?
10
What is the highest common factor of 230 and 3266?
46
Calculate the highest common factor of 4 and 582.
2
What is the highest common factor of 30 and 10?
10
What is the highest common factor of 7866 and 513?
171
Calculate the highest common divisor of 25 and 975.
25
Calculate the greatest common factor of 1413 and 99.
9
Calculate the highest common divisor of 1179 and 3.
3
Calculate the greatest common factor of 1320 and 198.
66
What is the highest common divisor of 47 and 282?
47
Calculate the greatest common factor of 190 and 646.
38
What is the greatest common factor of 742 and 106?
106
What is the highest common factor of 609 and 3219?
87
What is the greatest common divisor of 10000 and 80?
80
Calculate the highest common divisor of 1687 and 7.
7
Calculate the highest common factor of 3016 and 870.
58
Calculate the highest common factor of 639 and 9.
9
What is the greatest common factor of 192 and 160?
32
What is the greatest common factor of 51 and 534?
3
What is the highest common divisor of 66 and 6963?
33
Calculate the greatest common divisor of 84 and 24.
12
What is the greatest common divisor of 33 and 231?
33
Calculate the highest common divisor of 189 and 357.
21
Calculate the greatest common divisor of 209 and 33.
11
Calculate the highest common divisor of 140 and 320.
20
Calculate the highest common divisor of 1525 and 575.
25
What is the highest common divisor of 147 and 49?
49
Calculate the highest common divisor of 8 and 164.
4
What is the greatest common factor of 1326 and 102?
102
What is the greatest common factor of 1414 and 14?
14
What is the greatest common factor of 24 and 864?
24
What is the highest common factor of 18 and 159?
3
Calculate the greatest common factor of 21 and 35.
7
Calculate the greatest common factor of 2275 and 245.
35
What is the highest common factor of 73 and 7?
1
What is the greatest common factor of 39 and 195?
39
Calculate the highest common divisor of 5 and 25.
5
Calculate the highest common divisor of 30189 and 435.
87
Calculate the highest common divisor of 693 and 126.
63
Calculate the greatest common divisor of 6 and 402.
6
What is the highest common factor of 5252 and 416?
52
Calculate the greatest common divisor of 64 and 52.
4
Calculate the highest common factor of 1640 and 80.
40
What is the highest common factor of 87 and 928?
29
Calculate the highest common factor of 16 and 3496.
8
Calculate the greatest common factor of 8 and 2680.
8
What is the highest common divisor of 105 and 427?
7
Calculate the greatest common factor of 1110 and 23680.
370
Calculate the greatest common divisor of 82 and 574.
82
What is the greatest common factor of 176 and 4708?
44
Calculate the highest common factor of 90 and 210.
30
Calculate the highest common divisor of 16 and 23896.
8
Calculate the highest common factor of 35 and 1505.
35
What is the highest common divisor of 234 and 130?
26
Calculate the grea